 - (10 + -9 - 10)
2
Calculate 3 - 14 - -1 - -3 - -2.
-5
Calculate -4 - 0 - (-29 + 15).
10
Evaluate 3 + (5 + -9 - 1).
-2
What is (6 - 13) + 2 + 10?
5
What is the value of (-1 - -1) + -3 + 2 + 3?
2
What is (-11 - -11) + 1 + 2?
3
Evaluate -6 + 1 + 2 + 3.
0
5 - ((2 - -1) + -3 - 0)
5
Evaluate (-3 - 1) + (28 - 28).
-4
Calculate (1 + 7 - 0) + (-7 - 1).
0
What is the value of 5 - (-2 + (4 - 0) + 4)?
-1
Evaluate 26 - 26 - (-1 - -6).
-5
(-1 - -2) + (12 - 8) + -4
1
(0 - 3) + -2 - -8
3
What is the value of 3 + 1 + 4 + -3 + 1?
6
What is -8 - ((13 - 26) + 14)?
-9
Calculate (-12 - (-2 + -6)) + 7.
3
Calculate -3 + 7 - 10 - (-2 + -2).
-2
1 - -1 - (5 + -8 - -9)
-4
What is the value of 1 + -1 - (19 + -16)?
-3
What is 4 - 5 - -2 - (10 - 4)?
-5
What is -5 + (-7 + 6 + 0 - -12)?
6
What is the value of 1 + -5 - (10 + -10)?
-4
9 + (-10 - (-11 - -3))
7
Evaluate 0 + (3 - 0) - (14 + -2).
-9
(-68 - -73) + (1 - 7 - 0)
-1
What is the value of -2 + (0 - 3 - 0)?
-5
Calculate -30 - -28 - (0 + 4).
-6
Calculate -6 + 2 + (0 - -2) + -5.
-7
Evaluate -7 + 1 + (-11 - -6) - -5.
-6
What is the value of -5 - (-8 + 4 + -3)?
2
Evaluate 9 + (-6 - (-1 - -2)).
2
Calculate (2 - (5 + -2)) + 1 + 2.
2
Evaluate 8 - 12 - (4 + -2 - 2).
-4
(6 - 6) + -3 + 0
-3
Calculate -2 + (3 - (-4 + 4 + -1)).
2
Evaluate 17 - 15 - (-1 - (0 - 0)).
3
What is the value of -3 + 1 - (0 + 2) - 1?
-5
Evaluate -6 - -2 - -2 - (-5 - 0).
3
Evaluate -7 - -1 - (-7 - -12).
-11
What is the value of -4 - ((0 - 3 - -2) + -2)?
-1
What is (4 - 12) + 2 + 3?
-3
What is 1 + 1 + (-1 - -3) + 0?
4
What is the value of -1 - (0 - (9 + -6 - 2))?
0
What is 6 + 4 + 2 + (-5 - 0)?
7
Calculate -3 + 9 + -3 + 1.
4
What is 2 + 4 + -11 + 1 + 6?
2
What is -1 + 10 - (-8 - (-11 - -5))?
11
Evaluate 0 - (2 + -3 + 1) - -4.
4
Calculate 225 + -219 - (10 - 0).
-4
Evaluate 1 - (-1 - 1) - -2.
5
Evaluate 6 + -14 - -8 - 0 - 0.
0
1 + -5 + (8 - 3)
1
What is the value of 3 + 7 + -6 - (1 + 2)?
1
0 + 8 + -4 - 0
4
Calculate -8 - -11 - (-2 + 5).
0
3 - (-7 + 11) - (-1 + 2)
-2
Calculate -2 + -6 + 1 + 1.
-6
-4 + (0 - -1) + (6 - 4)
-1
What is the value of (1 - -1) + 1 - (2 - -3)?
-2
Evaluate 3 + (2 - 2 - 1) - -3.
5
What is the value of 2 + 0 - ((14 - 3) + -12)?
3
Calculate -3 + (-5 - -13 - 9).
-4
4 - 5 - (-8 - -1)
6
What is the value of (-5 - (-7 + 5)) + -4 + -2?
-9
Evaluate 3 - (6 + 1 - 3).
-1
13 - 11 - -10 - 14
-2
1 + -1 + 3 + (0 - 4)
-1
Evaluate -3 + -4 + 4 + 0 + 2.
-1
Calculate -1 - 4 - (-2 - -4 - 6).
-1
What is -4 + 3 + (-2 - -5 - 6)?
-4
Evaluate -4 - -2 - (3 + -2 + -4).
1
Calculate -5 - 1 - (23 - 29).
0
-2 - ((-2 - -1 - 3) + 5)
-3
Calculate (16 - 10) + 2 - 9.
-1
-3 + 6 + 2 - 6
-1
-2 - ((5 - 1) + -2 - 1)
-3
10 + -10 + (2 - 3)
-1
-5 - (-5 - (0 - 2))
-2
Evaluate -3 + 12 - -2 - 10.
1
What is (-2 - -5) + 3 + -8 + 5?
3
-2 + (1 - 2) + (38 - 35)
0
Evaluate 0 - (5 + 3 + -3).
-5
Evaluate 7 + (-20 - -4) - 0.
-9
Evaluate -2 - -7 - (-1 - -2).
4
(56 - 63) + (0 - (-2 - 5))
0
What is the value of (-9 - -9 - (8 + -1)) + 5?
-2
What is 5 - (10 - (-5 + 10)) - -3?
3
Evaluate -14 + (-7 - (8 + -37)).
8
What is -3 - 14 - -9 - (1 + -4)?
-5
What is the value of -5 + (-3 - -6) - 5?
-7
Calculate 2 - 9 - (-8 + -2).
3
(-1 - 0 - (-3 + 0)) + -3
-1
-1 - 6 - -2 - -3
-2
-2 - -4 - 2 - (3 + -2)
-1
-2 + 2 + -10 + 4 + 0
-6
What is the value of -1 - (-2 - 1) - 1 - 7?
-6
What is (-2 + 2 - -7) + -4?
3
7 + (-1 - (0 - 0))
6
0 - (1 + 1 + (-6 - -2))
2
Evaluate 2 + -7 + 6 + -1 + -4.
-4
What is 7 - (16 - (-10 - -21))?
2
(6 - (-7 - -12)) + 0
1
2 - (0 + (1 - 2))
3
What is the value of 1 - (3 - (0 + -1))?
-3
What is 1 + 1 + -8 - -2?
-4
What is 7 - (4 + (1 - -3))?
-1
7 + -11 + (-24 - -33)
5
Evaluate 0 + (-3 - -3) + -2.
-2
What is the value of -2 + -2 - (-6 - 0 - -6)?
-4
What is (-1 - (0 + 0 - 2)) + 1?
2
What is the value of 1 - (-6 - -5 - -5) - -7?
4
What is 0 - -1 - (-4 - (1 + -1))?
5
What is (-5 - -1) + -4 + 7 - -5?
4
Evaluate (-5 - -1) + (0 - 1).
-5
-7 - -14 - 5 - 2
0
What is the value of -4 + (0 - (2 - (3 + 1)))?
-2
Calculate 0 - (-5 + (-5 - -4)) - 4.
2
Evaluate 8 + (3 - 5) + -4 - 7.
-5
Evaluate -9 + -4 - (-8 - -4) - -6.
-3
(17 + 0 - 11) + -10
-4
Calculate 1 - (3 - (1 + 3 + -2)).
0
Evaluate 7 - (-4 - -12) - (-2 - -1).
0
Evaluate (3 + -6 - -10) + (-1 - 4).
2
What is 8 + -4 + -7 - 3?
-6
-1 + 0 - (2 + -5 + 7)
-5
Evaluate -8 + 5 - (-2 - 2).
1
Calculate (10 - 1) + -14 - 4.
-9
-3 + -4 + 1 + 1
-5
What is the value of 6 + -19 + 8 + 7?
2
Evaluate -1 - ((-5 - -2) + 4).
-2
Evaluate 6 - ((-1 + 5 - 4) + 1).
5
Evaluate 1 - 5 - (1 + -1).
-4
What is the value of 7 - (24 + -13) - -9?
5
What is -3 + 3 - -4 - -1?
5
Evaluate 0 - -4 - 4 - -1 - 4.
-3
Evaluate -30 + 41 - (2 + -5 - -11).
3
Evaluate 3 + (-7 - (-3 + -7)).
6
Calculate 12 - (0 + 4 + 4).
4
What is the value of (0 - -7) + -5 + -2?
0
Evaluate 0 + 9 - (148 + -131).
-8
What is the value of -7 + -8 - (6 - 13) - 0?
-8
-2 + (4 - 5) + (-1 - 0)
-4
What is 6 + -8 + -1 + -1?
-4
What is 12 - 22 - -19 - 9?
0
(-1 - (2 - 8)) + -1 + 3
7
What is -1 + (-8 + 7 - -3)?
1
-1 - -11 - (107 - 105)
8
What is 13 - (5 + (5 - 3))?
6
Evaluate 8 + -2 + (-4 - -1).
3
What is (1 + 1 - 4) + 4 + -2?
0
What is the value of (2 - 2) + (-6 - -6)?
0
Calculate 1 - ((-1 - 3) + (2 - 0)).
3
Calculate 1 + (3 - 3) + (-7 - -2).
-4
What is the value of -1 + -1 + 1 + 5?
4
-2 - -3 - (5 + -8 + 3)
1
6 - 0 - (-18 - -30) - -4
-2
Calculate -7 + -2 + 3 + 8.
2
-9 + 0 - (-10 - (-5 - 4))
-8
What is -1 - (-3 + 0) - (2 - 1)?
1
What is -12 + -5 + -9 + 28?
2
2 + -3 + 3 + 3
5
What is 3 + -2 + 1 - (61 + -63)?
4
What is -4 + 7 + -4 + 5 + -1?
3
Calculate 5 - 2 - (2 + 0).
1
(6 - 3) + (0 - -1)
4
What is the value of (3 + 0 - 10) + -1 + 4?
-4
Evaluate -3 + 4 + -4 + 0.
-3
What is 48 - 44 - (2 - -4)?
-2
0 + 1 + (-1 - -4)
4
What is the value of -1 - 1 - (14 - 22)?
6
What is the value of (0 - 16) + 4 - (-2 + -3)?
-7
What is -1 + (0 + 4 - -1)?
4
What is the value of (-10 - (-10 - -4) - 3) + 14?
7
What is (0 - -3) + -2 + (15 - 11)?
5
What is the value of (-4 - (1 + -2)) + (-5 - -7)?
-1
Evaluate -2 + (-5 - (-6 - -1)) - -5.
3
What is -1 - (-2 + 3 + 2)?
-4
11 + -4 + -2 - 9
-4
What is the value of (6 - 1) + (6 + -5 - -4)?
10
(2 - -8) + -7 - (0 + 0)
3
What is the value of 0 - -2 - (2 + -15 + 23)?
-8
Evaluate -9 - (-7 - 13 - -10).
1
What is the value of 1 - (-1 - -3) - (4 - 0)?
-5
What is the value of (-3 - (4 - 2 - -1)) + 2?
-4
What is 1 + -5 + (4 - 6) + 3?
-3
Evaluate (4 - (0 + -1 + 2)) + -7.
-4
What is -7 + 4 + (5 - (0 - -2))?
0
Evaluate -16 + (3 - -3 - 7) + 8.
-9
What is the value of 0 + (0 - 0 - -6) + -7?
-1
(-2 - 2) + 7 + 2 - -1
6
What is the value of (-1 - 2) + -1 + -8 + 10?
-2
Calculate (12 - 6) + -8 - 0.
-2
What is the value of (-1 - 1) + 0 + 5 - 8?
-5
0 + 11 + -7 + 1 + -6
-1
Calculate (-10 - -9) + -3 - (3 + -10).
3
What is 2 - (7 - (-1 + 7))?
1
Evaluate (-8 - -13) + (-12 - -1).
-6
What is the value of -23 + 21 - (-8 + 1 + -2)?
7
What is the value of 3 - (4 + 1 + -3 + -1)?
2
Calculate -5 + 0 - (1 - 6).
0
What is (3 - (5 + -2)) + (0 - 0)?
0
(0 - 2) + (3 - 2) - 0
-1
What is the value of (0 - (-3 - (-1 + 0))) + 1?
3
Calculate 1 + 4 + 10 + -12.
3
Evaluate 11 - (-3 - -1 - -10).
3
5 + (-2 - -1) - -1
5
Calculate 16 - (-6 - (-13 + -1)).
8
Evaluate 0 - (4 + -3 + 5).
-6
Calculate -7 - (-5 + 1) - 1 - 1.
-5
Calculate (-94 - -84) + 12 + 0.
2
Calculate 1 + 7 - (0 - -4).
4
Calculate -5 + 2 + (-1 - 0).
-4
Evaluate (1 - 10) + (22 - 18) + 2.
-3
What is (0 + -9 - -9) + 2?
2
What is the value of -1 + 7 + (141 - 154)?
-7
What is (-5 - (-3 - 5)) + -5?
-2
Calculate (6 + -3 - (0 + 1)) + -6.
-4
What is the value of 5 + -8 + (-1 - 1) + 2?
-3
What is (0 - 1) + (-15 - -18)?
2
What is the value of -238 - -241 - (1 - -8)?
-6
Evaluate -7 + 5 + 5 + 0.
3
What is -2 - ((3 - -1) + -4)?
-2
-1 + (1 - (-4 + 2))
2
What is the value of 5 + (-7 - -12 - 16) + 5?
-1
What is the value of 7 + (5 - 18) - -12?
6
8 - 2 - (19 - 9)
-4
Calculate 4 - ((-3 - 1) + 13).
-5
Evaluate (-9 - (-3 - 7)) + (-1 - -3).
3
What is 3 + ((-6 - -3) + 3 - 5)?
-2
What is 5 - (4 - (0 + -6))?
-5
13 + (0 - 0) + -4
9
Calculate -2 - (3 - (-2 - -4)).
-3
Calculate 0 - (7 + -2 + -9 + -1).
5
Calculate -1 - 0 - (18 + -4 - 11).
-4
Evaluate -10 - -15 - (10 - 0 - -2).
-7
Evaluate 2 - (-1 - (-6 - -1)).
-2
Evaluate (1 - -8) + 0 - (3 - -2).
4
Evaluate 2 + 1 - 2 - 2.
-1
Evaluate 3 - (4 - (1 - -2)).
2
(3 - 4) + 1 + 4
4
What is 16 + 